{"id":115,"date":"2025-05-26T15:00:45","date_gmt":"2025-05-26T13:00:45","guid":{"rendered":"http:\/\/morgenthaler.net\/wordpress\/?page_id=115"},"modified":"2025-05-26T19:36:22","modified_gmt":"2025-05-26T17:36:22","slug":"morgen-murgen-mergenthaler","status":"publish","type":"page","link":"https:\/\/morgenthaler.net\/wordpress\/de\/morgen-murgen-mergenthaler\/","title":{"rendered":"Morgen-, Murgen, Mergenthaler"},"content":{"rendered":"<p style=\"text-align: left;\" align=\"right\"><strong><span lang=\"DE\">Name <\/span><\/strong><span lang=\"DE\"><strong>M<span style=\"color: #ff0000;\">u<\/span>rgenthaler<\/strong><br \/>\nDer Ort Murgenthal liegt an der Aare oberhalb von Aarburg. Murgenthal tr\u00e4gt\u00a0seinen Namen vom\u00a0Fluss <em>Murg<\/em>. Die <em>Langete<\/em> wechselt kurz vor ihrer Einm\u00fcndung in die <em>Aare<\/em> den Namen auf <em>Murg<\/em>. <em>Murgenthal<\/em> bedeutet also<em> Tal der Murg<\/em>. Der bis heute bestehende Familienname Murgenthaler entstammt demnach dem Ortsnamen Murgenthal und beschreibt eine\u00a0<em>Person aus dem Murgenthal.\u00a0<\/em><\/span><\/p>\n<p style=\"text-align: left;\" align=\"right\"><span lang=\"DE\">Die Wurzel von <em>Murgenthal <\/em>ist allerdings\u00a0<em>Murga Dun\u00a0<\/em>und beinhaltet das keltische Wort <em>Dun\u00a0<\/em>f\u00fcr \"Befestigung\". Diese Bezeichnung <em>Dun\u00a0<\/em>wurde jedoch ab dem Mittelalter nicht mehr verstanden und entwickelte sich wohl zum logischer klingenderen Begriff <em>Thal.<\/em><\/span><\/p>\n<figure id=\"attachment_334\" aria-describedby=\"caption-attachment-334\" style=\"width: 625px\" class=\"wp-caption alignnone\"><a href=\"https:\/\/morgenthaler.net\/wordpress\/wp-content\/uploads\/2017\/03\/Morg_geo_gross.jpg\"><img loading=\"lazy\" decoding=\"async\" class=\"wp-image-334 size-large\" src=\"https:\/\/morgenthaler.net\/wordpress\/wp-content\/uploads\/2017\/03\/Morg_geo_gross-1024x630.jpg\" alt=\"Karte Morgenthaler-Orte der Schweiz\" width=\"625\" height=\"385\" srcset=\"https:\/\/morgenthaler.net\/wordpress\/wp-content\/uploads\/2017\/03\/Morg_geo_gross-1024x630.jpg 1024w, https:\/\/morgenthaler.net\/wordpress\/wp-content\/uploads\/2017\/03\/Morg_geo_gross-300x184.jpg 300w, https:\/\/morgenthaler.net\/wordpress\/wp-content\/uploads\/2017\/03\/Morg_geo_gross-768x472.jpg 768w, https:\/\/morgenthaler.net\/wordpress\/wp-content\/uploads\/2017\/03\/Morg_geo_gross-960x590.jpg 960w, https:\/\/morgenthaler.net\/wordpress\/wp-content\/uploads\/2017\/03\/Morg_geo_gross.jpg 2048w\" sizes=\"auto, (max-width: 625px) 100vw, 625px\" \/><\/a><figcaption id=\"caption-attachment-334\" class=\"wp-caption-text\">Mu: Murgenthal (BE, Ort) und Fluss Murg<br \/>Rot: Abk\u00fcrzungen vorn Orten, in denen Morgenthaler heimatberechtigt sind.<\/figcaption><\/figure>\n<p style=\"text-align: left;\" align=\"right\"><span lang=\"DE\"><em><br \/>\n<\/em><em><strong>Hat sich M<span style=\"color: #ff0000;\">u<\/span>rgenthaler zu M<span style=\"color: #ff0000;\">o<\/span>rgenthaler entwickelt?<br \/>\n<\/strong><\/em>Gem\u00e4ss dem Autor vorliegenden Informationen \u00fcber Kirchenregister scheint sich in Ursenbach und D\u00fcrrenroth tats\u00e4chlich der Name Morgenthaler zwischen 1650 und 1770 aus der Schreibweise Murgentthaller entwickelt zu haben.<br \/>\nIn Attelwil AG andererseits wurde im \u00e4ltesten Register von 1769 der Name bereits in seiner jetzigen Form Morgenthaler geschrieben.<br \/>\nDas <a href=\"https:\/\/morgenthaler.net\/wordpress\/de\/familienwappen\/\">Familienwappen<\/a> deutet mit einer aufgehenden Sonne \u00fcber Bergspitzen eher auf ein <em>Morgen-Thal<\/em> im eigentlichen Sinne des Namens hin als auf eine Entwicklung von Murgenthaler zu Morgenthaler.<\/span><\/p>\n<p style=\"text-align: left;\" align=\"right\"><span lang=\"DE\">Der Seitenautor ist nicht der Meinung, dass sich Morgenthaler grunds\u00e4tzlich aus Murgenthaler entwickelte. Das deutsche Wort <em>Morgen<\/em> hat keinen Zusammenhang zum Fluss <em>Murg<\/em> ergeben. Zudem fand auch keine generelle deutsche Lautverschiebung von U nach O statt. Das deutsche Wort <em>Morgen<\/em> wurde fr\u00fcher also nicht grunds\u00e4tzlich <em>Murgen<\/em> ausgesprochen.<br \/>\nDenkbar w\u00e4re jedoch, dass Murgenthaler in Gegenden ausgewandert waren, in denen der Fluss Murg unbekannt war. Dort ersetzte man den unbekannten Begriff <em>Murgen<\/em> durch den bekannten Begriff <em>Morgen<\/em>, woraus Morgenthaler entstanden sein k\u00f6nnte.<br \/>\nZudem zeigen alte amtliche Register oft einen ungenauen Umgang mit der Rechtschreibung von Familiennamen. In solchen Registern kommt es vor, dass die Nachnamen sogar bei Geschwistern unterschiedlich geschrieben wurden. Eine solche Nachl\u00e4ssigkeit k\u00f6nnte gar zu einer bleibenden \u00c4nderung eines Familiennamens fr\u00fchen. <\/span><\/p>\n<p style=\"text-align: left;\" align=\"right\"><span lang=\"DE\"><strong>Name M<span style=\"color: #ff0000;\">e<\/span>rgenthaler<\/strong><br \/>\nEinen \u00e4hnlichen Effekt vermutet der Autor hinter dem seltenen Namen Mergenthaler, welcher in den USA vorkommt: Weil weder <em>Morgen, Murgen<\/em> (noch <em>Thaler)<\/em> Begriffe der Englischen Sprache sind, k\u00f6nnte sich ein Schreibfehler unbemerkt zu einem neuen Familiennamen ver\u00e4ndert haben.<\/span><\/p>\n<p style=\"text-align: left;\" align=\"right\">Bitte kontaktieren Sie <a href=\"https:\/\/morgenthaler.net\/wordpress\/de\/impressum\/\">den Seitenautor<\/a>, falls Sie \u00fcber Ideen, Theorien oder Quellen zu diesem Thema verf\u00fcgen.<\/p>\n","protected":false},"excerpt":{"rendered":"<p>Name Murgenthaler Der Ort Murgenthal liegt an der Aare oberhalb von Aarburg. Murgenthal tr\u00e4gt\u00a0seinen Namen vom\u00a0Fluss Murg. Die Langete wechselt kurz vor ihrer Einm\u00fcndung in die Aare den Namen auf Murg. Murgenthal bedeutet also Tal der Murg. Der bis heute bestehende Familienname Murgenthaler entstammt demnach dem Ortsnamen Murgenthal und beschreibt eine\u00a0Person aus dem Murgenthal.\u00a0 Die <a href=\"https:\/\/morgenthaler.net\/wordpress\/de\/morgen-murgen-mergenthaler\/\" class=\"more-link\">...continue reading<span class=\"screen-reader-text\"> \"Morgen-, Murgen, Mergenthaler\"<\/span><\/a><\/p>\n","protected":false},"author":1,"featured_media":0,"parent":0,"menu_order":0,"comment_status":"closed","ping_status":"closed","template":"","meta":{"footnotes":""},"class_list":["post-115","page","type-page","status-publish","h-entry","hentry","h-as-page"],"_links":{"self":[{"href":"https:\/\/morgenthaler.net\/wordpress\/wp-json\/wp\/v2\/pages\/115","targetHints":{"allow":["GET"]}}],"collection":[{"href":"https:\/\/morgenthaler.net\/wordpress\/wp-json\/wp\/v2\/pages"}],"about":[{"href":"https:\/\/morgenthaler.net\/wordpress\/wp-json\/wp\/v2\/types\/page"}],"author":[{"embeddable":true,"href":"https:\/\/morgenthaler.net\/wordpress\/wp-json\/wp\/v2\/users\/1"}],"replies":[{"embeddable":true,"href":"https:\/\/morgenthaler.net\/wordpress\/wp-json\/wp\/v2\/comments?post=115"}],"version-history":[{"count":8,"href":"https:\/\/morgenthaler.net\/wordpress\/wp-json\/wp\/v2\/pages\/115\/revisions"}],"predecessor-version":[{"id":1163,"href":"https:\/\/morgenthaler.net\/wordpress\/wp-json\/wp\/v2\/pages\/115\/revisions\/1163"}],"wp:attachment":[{"href":"https:\/\/morgenthaler.net\/wordpress\/wp-json\/wp\/v2\/media?parent=115"}],"curies":[{"name":"wp","href":"https:\/\/api.w.org\/{rel}","templated":true}]}}