{"id":78,"date":"2025-05-26T11:07:36","date_gmt":"2025-05-26T09:07:36","guid":{"rendered":"http:\/\/morgenthaler.net\/wordpress\/?page_id=78"},"modified":"2025-05-26T19:48:37","modified_gmt":"2025-05-26T17:48:37","slug":"geschichte-familiennamen","status":"publish","type":"page","link":"https:\/\/morgenthaler.net\/wordpress\/de\/geschichte-familiennamen\/","title":{"rendered":"Geschichte Familiennamen"},"content":{"rendered":"<p style=\"text-align: left;\" align=\"right\"><strong><span lang=\"DE\">Allgemeine Herkunft der\u00a0Familiennamen im deutschsprachigen Europa<\/span><\/strong><\/p>\n<p style=\"text-align: left;\" align=\"right\"><span lang=\"DE\">Bevor es St\u00e4dte gab, gen\u00fcgte dem Menschen ein Rufname. Auf dem Hof oder im Dorf waren mehrere gleiche Vornamen selten oder wurden nicht zum Problem.<\/span><\/p>\n<p style=\"text-align: left;\" align=\"right\"><span lang=\"DE\">Als sich jedoch ab dem 11. Jahrhundert die Siedlungsform der St\u00e4dte entwickelte, lebten auf einmal zahlreiche Menschen mit demselben Rufnamen zusammen. Bev\u00f6lkerungswachstum, Fernhandel und die Vorliebe f\u00fcr bestimmte Namen kamen dazu. Das f\u00fchrte zu Verwechslungen und Unklarheiten. Diesen begegnete man auf verschiedene Arten: <\/span><\/p>\n<div style=\"text-align: left;\" align=\"right\">\n<ul>\n<li><span lang=\"DE\">Im germanischen Raum verwendete man den Rufnamen in Kombination mit Vatername oder Grossvatername um Sippenzusammengeh\u00f6rigkeit zu zeigen.<\/span><\/li>\n<li><span lang=\"DE\">Bei Unklarheiten nannte man Personen pr\u00e4ziser: Hans der M\u00fcller, Olaf der Rote, Peter der Kleine, Karl vom Tobel, Adalbert der H\u00e4ssige. Aus solchen Namenszus\u00e4tzen entwickelten sich zahlreiche Familiennamen.<\/span><\/li>\n<li><span lang=\"DE\">Das Verwenden von Familiennamen \u00fcber Generationen\u00a0hatte in Oberitalien bereits eine l\u00e4ngere Tradition gehabt. Es verbreitete sich zwischen\u00a0dem 8. und 11.\u00a0Jahrhundert\u00a0\u00fcber Italien und\u00a0Frankreich allm\u00e4hlich\u00a0in\u00a0den s\u00fcdgermanischen Raum; beginnend in den rheinischen St\u00e4dten.<\/span><\/li>\n<\/ul>\n<\/div>\n<p style=\"text-align: left;\" align=\"right\"><span lang=\"DE\">Diese Elemente flossen in der sich allm\u00e4hlich verbreitenden Verwendung von Familiennamen zusammen. Diese geschah zuerst in der adeligen und st\u00e4dtischen Bev\u00f6lkerung, erst sp\u00e4ter in der l\u00e4ndlichen, abgelegenen und b\u00e4uerlichen. Endg\u00fcltig abgeschlossen war die Verbreitung der Verwendung von Familiennamen in Europa erst im 17. und 18. Jahrhundert. Weitere Gr\u00fcnde f\u00fcr die Verwendung von Familiennamen waren:<\/span><\/p>\n<ul>\n<li style=\"text-align: left;\">Verwaltung und Besteuerung der Bev\u00f6lkerung, welche eine genaue Identifizierung notwendig machte.<\/li>\n<li style=\"text-align: left;\">Vererbung von Recht, Besitz und Land machten eine feste Zuordnung und damit Benennung der Familienlinie n\u00f6tig.<\/li>\n<\/ul>\n<p style=\"text-align: left;\" align=\"right\"><span lang=\"DE\">Viele Familiennamen lassen ihren Hintergrund der Entstehung direkt ersehen:<br \/>\n<\/span><\/p>\n<ul>\n<li style=\"text-align: left;\"><span lang=\"DE\"><strong>Bezeichnung von T\u00e4tigkeit:<\/strong> M\u00fcller, Weber, Holzer, K\u00fcffer, J\u00e4ger, Gerber, Schmid, Fischer, Ritter.<\/span><\/li>\n<li style=\"text-align: left;\"><span lang=\"DE\"><strong>\u00c4usseres Merkmal<\/strong>: Gross, Roth, D\u00fcrr, Dick, Ruch<br \/>\n<\/span><\/li>\n<li style=\"text-align: left;\"><span lang=\"DE\"><strong>Charaktermerkmal:<\/strong> Grob, H\u00e4ssig, Keck<\/span><\/li>\n<li style=\"text-align: left;\"><span lang=\"DE\"><strong>Herkunft:<\/strong> Schweizer, Freiburghaus, Jaberg, Abplanalp, Frick, M\u00fchlethaler<\/span><\/li>\n<li><strong>V\u00e4terliche oder m\u00fctterliche Abstammung:<\/strong> Peter, J\u00fcrgens, Gretens<\/li>\n<\/ul>\n<p style=\"text-align: left;\" align=\"right\"><span lang=\"DE\">Andere Familiennamen lassen ohne fundiertes Wissen \u00fcber die Herkunft des Wortes keinen direkten Schluss auf den Hintergrund des Namens zu.<\/span><\/p>\n<p style=\"text-align: left;\" align=\"right\">Bitte kontaktieren Sie <a href=\"https:\/\/morgenthaler.net\/wordpress\/de\/impressum\/\">den Seitenautor<\/a>, falls Sie \u00fcber Ideen, Theorien oder Quellen zu diesem Thema verf\u00fcgen.<\/p>\n","protected":false},"excerpt":{"rendered":"<p>Allgemeine Herkunft der\u00a0Familiennamen im deutschsprachigen Europa Bevor es St\u00e4dte gab, gen\u00fcgte dem Menschen ein Rufname. Auf dem Hof oder im Dorf waren mehrere gleiche Vornamen selten oder wurden nicht zum Problem. Als sich jedoch ab dem 11. Jahrhundert die Siedlungsform der St\u00e4dte entwickelte, lebten auf einmal zahlreiche Menschen mit demselben Rufnamen zusammen. Bev\u00f6lkerungswachstum, Fernhandel und <a href=\"https:\/\/morgenthaler.net\/wordpress\/de\/geschichte-familiennamen\/\" class=\"more-link\">...continue reading<span class=\"screen-reader-text\"> \"Geschichte Familiennamen\"<\/span><\/a><\/p>\n","protected":false},"author":1,"featured_media":0,"parent":0,"menu_order":0,"comment_status":"closed","ping_status":"closed","template":"","meta":{"footnotes":""},"class_list":["post-78","page","type-page","status-publish","h-entry","hentry","h-as-page"],"_links":{"self":[{"href":"https:\/\/morgenthaler.net\/wordpress\/wp-json\/wp\/v2\/pages\/78","targetHints":{"allow":["GET"]}}],"collection":[{"href":"https:\/\/morgenthaler.net\/wordpress\/wp-json\/wp\/v2\/pages"}],"about":[{"href":"https:\/\/morgenthaler.net\/wordpress\/wp-json\/wp\/v2\/types\/page"}],"author":[{"embeddable":true,"href":"https:\/\/morgenthaler.net\/wordpress\/wp-json\/wp\/v2\/users\/1"}],"replies":[{"embeddable":true,"href":"https:\/\/morgenthaler.net\/wordpress\/wp-json\/wp\/v2\/comments?post=78"}],"version-history":[{"count":7,"href":"https:\/\/morgenthaler.net\/wordpress\/wp-json\/wp\/v2\/pages\/78\/revisions"}],"predecessor-version":[{"id":1165,"href":"https:\/\/morgenthaler.net\/wordpress\/wp-json\/wp\/v2\/pages\/78\/revisions\/1165"}],"wp:attachment":[{"href":"https:\/\/morgenthaler.net\/wordpress\/wp-json\/wp\/v2\/media?parent=78"}],"curies":[{"name":"wp","href":"https:\/\/api.w.org\/{rel}","templated":true}]}}